{"id":57,"date":"2013-06-28T11:54:04","date_gmt":"2013-06-28T11:54:04","guid":{"rendered":"http:\/\/scorpionkarate.ro\/?page_id=57"},"modified":"2024-01-17T12:20:50","modified_gmt":"2024-01-17T12:20:50","slug":"antrenor","status":"publish","type":"page","link":"http:\/\/scorpionkarate.ro\/?page_id=57","title":{"rendered":"Antrenori"},"content":{"rendered":"<p>\u00a0<\/p>\n<p>\u00a0 \u00a0 <a href=\"http:\/\/scorpionkarate.ro\/wp-content\/uploads\/2021\/09\/Bust-Catalin-Dumitru.jpg\">\u00a0\u00a0<\/a><a href=\"http:\/\/scorpionkarate.ro\/wp-content\/uploads\/2021\/09\/Bust-Catalin-Dumitru.jpg\"><img decoding=\"async\" loading=\"lazy\" class=\"size-medium wp-image-1840 alignleft\" src=\"http:\/\/scorpionkarate.ro\/wp-content\/uploads\/2021\/09\/Bust-Catalin-Dumitru-225x300.jpg\" alt=\"\" width=\"225\" height=\"300\" srcset=\"http:\/\/scorpionkarate.ro\/wp-content\/uploads\/2021\/09\/Bust-Catalin-Dumitru-225x300.jpg 225w, http:\/\/scorpionkarate.ro\/wp-content\/uploads\/2021\/09\/Bust-Catalin-Dumitru-768x1024.jpg 768w, http:\/\/scorpionkarate.ro\/wp-content\/uploads\/2021\/09\/Bust-Catalin-Dumitru.jpg 1200w\" sizes=\"(max-width: 225px) 100vw, 225px\" \/><\/a><a href=\"http:\/\/scorpionkarate.ro\/?page_id=196\"><strong style=\"font-size: 12px;\">C\u0102T\u0102LIN DUMITRU<\/strong><\/a><\/p>\n<ul>\n<li>Centur\u0103 neagr\u0103 4 DAN Shito Ryu;<\/li>\n<li>Licen\u021biat in Educa\u021bie Fizic\u0103 \u0219i Sport, specializare Karate WKF;<\/li>\n<li>Master \u00een Managementul Activit\u0103\u021bilor Sportive;<\/li>\n<li>Multiplu Campion Na\u021bional;<\/li>\n<li>Vicecampion Balcanic;<\/li>\n<li>Campion Europen;<\/li>\n<li>Campion Mondial;<\/li>\n<li>Maestru Emerit al Sportului<\/li>\n<li>Consilier pe probleme WKF al pre\u0219edintelui Federa\u021biei Rom\u00e2ne de Karate<\/li>\n<li>Arbitru Balcanic \u0219i European EKF<\/li>\n<li>Antrenor Emerit<\/li>\n<\/ul>\n<p style=\"text-align: center;\">\u00a0<\/p>\n\n\n<div class=\"wp-block-media-text alignwide is-stacked-on-mobile\"><figure class=\"wp-block-media-text__media\"><img decoding=\"async\" loading=\"lazy\" width=\"1024\" height=\"1003\" src=\"http:\/\/scorpionkarate.ro\/wp-content\/uploads\/2021\/09\/DSC_05016-1024x1003.jpg\" alt=\"\" class=\"wp-image-1837 size-full\" srcset=\"http:\/\/scorpionkarate.ro\/wp-content\/uploads\/2021\/09\/DSC_05016-1024x1003.jpg 1024w, http:\/\/scorpionkarate.ro\/wp-content\/uploads\/2021\/09\/DSC_05016-300x294.jpg 300w, http:\/\/scorpionkarate.ro\/wp-content\/uploads\/2021\/09\/DSC_05016-768x753.jpg 768w, http:\/\/scorpionkarate.ro\/wp-content\/uploads\/2021\/09\/DSC_05016-306x300.jpg 306w\" sizes=\"(max-width: 1024px) 100vw, 1024px\" \/><\/figure><div class=\"wp-block-media-text__content\">\n<p class=\"has-medium-font-size\"><strong>ANDREI UNGUREANU<\/strong><\/p>\n\n\n\n<p><a href=\"https:\/\/www.facebook.com\/Unguu12\">Andrei Ungureanu | Facebook<\/a><\/p>\n<\/div><\/div>\n\n\n\n<p><a href=\"https:\/\/www.facebook.com\/Unguu12\">https:\/\/www.facebook.com\/Unguu12<\/a><\/p>\n\n\n\n<div class=\"wp-block-media-text alignwide is-stacked-on-mobile\"><figure class=\"wp-block-media-text__media\"><img decoding=\"async\" loading=\"lazy\" width=\"1024\" height=\"1024\" src=\"http:\/\/scorpionkarate.ro\/wp-content\/uploads\/2021\/09\/119566533_3244733372312185_4996152873657243445_o-1024x1024.jpg\" alt=\"\" class=\"wp-image-1838 size-full\" srcset=\"http:\/\/scorpionkarate.ro\/wp-content\/uploads\/2021\/09\/119566533_3244733372312185_4996152873657243445_o-1024x1024.jpg 1024w, http:\/\/scorpionkarate.ro\/wp-content\/uploads\/2021\/09\/119566533_3244733372312185_4996152873657243445_o-150x150.jpg 150w, http:\/\/scorpionkarate.ro\/wp-content\/uploads\/2021\/09\/119566533_3244733372312185_4996152873657243445_o-300x300.jpg 300w, http:\/\/scorpionkarate.ro\/wp-content\/uploads\/2021\/09\/119566533_3244733372312185_4996152873657243445_o-768x768.jpg 768w, http:\/\/scorpionkarate.ro\/wp-content\/uploads\/2021\/09\/119566533_3244733372312185_4996152873657243445_o.jpg 1076w\" sizes=\"(max-width: 1024px) 100vw, 1024px\" \/><\/figure><div class=\"wp-block-media-text__content\">\n<p class=\"has-medium-font-size\"><strong>CRISTIAN MIHALACHE<\/strong><\/p>\n\n\n\n<p><a href=\"https:\/\/www.facebook.com\/cristi.mmc\">https:\/\/www.facebook.com\/cristi.mmc<\/a><\/p>\n<\/div><\/div>\n\n\n\n<div class=\"wp-block-media-text alignwide is-stacked-on-mobile\"><figure class=\"wp-block-media-text__media\"><img decoding=\"async\" loading=\"lazy\" width=\"985\" height=\"1024\" src=\"http:\/\/scorpionkarate.ro\/wp-content\/uploads\/2021\/09\/DSC_05010-985x1024.jpg\" alt=\"\" class=\"wp-image-1839 size-full\" srcset=\"http:\/\/scorpionkarate.ro\/wp-content\/uploads\/2021\/09\/DSC_05010-985x1024.jpg 985w, http:\/\/scorpionkarate.ro\/wp-content\/uploads\/2021\/09\/DSC_05010-289x300.jpg 289w, http:\/\/scorpionkarate.ro\/wp-content\/uploads\/2021\/09\/DSC_05010-768x798.jpg 768w\" sizes=\"(max-width: 985px) 100vw, 985px\" \/><\/figure><div class=\"wp-block-media-text__content\">\n<p class=\"has-medium-font-size\"><strong>CRISTIAN<\/strong> <strong>MARIN<\/strong><\/p>\n\n\n\n<p><a href=\"https:\/\/www.facebook.com\/CristiAlecs\">(1) Marin Cristian | Facebook<\/a><\/p>\n\n\n\n<p><\/p>\n<\/div><\/div>\n\n\n\n<div class=\"wp-block-media-text alignwide is-stacked-on-mobile\" style=\"grid-template-columns:51% auto\"><figure class=\"wp-block-media-text__media\"><img decoding=\"async\" loading=\"lazy\" width=\"722\" height=\"1024\" src=\"https:\/\/scorpionkarate.ro\/wp-content\/uploads\/2023\/01\/IMG_3508-3-722x1024.jpg\" alt=\"\" class=\"wp-image-2122 size-full\" srcset=\"http:\/\/scorpionkarate.ro\/wp-content\/uploads\/2023\/01\/IMG_3508-3-722x1024.jpg 722w, http:\/\/scorpionkarate.ro\/wp-content\/uploads\/2023\/01\/IMG_3508-3-212x300.jpg 212w, http:\/\/scorpionkarate.ro\/wp-content\/uploads\/2023\/01\/IMG_3508-3-768x1089.jpg 768w, http:\/\/scorpionkarate.ro\/wp-content\/uploads\/2023\/01\/IMG_3508-3-1083x1536.jpg 1083w, http:\/\/scorpionkarate.ro\/wp-content\/uploads\/2023\/01\/IMG_3508-3.jpg 1170w\" sizes=\"(max-width: 722px) 100vw, 722px\" \/><\/figure><div class=\"wp-block-media-text__content\">\n<p class=\"has-medium-font-size\"><strong>LIVIA PAVEL<\/strong><\/p>\n\n\n\n<p><a href=\"https:\/\/www.facebook.com\/profile.php?id=100010219024783\">https:\/\/www.facebook.com\/profile.php?id=100010219024783<\/a><\/p>\n<\/div><\/div>\n\n\n\n<ul>\n<li><\/li>\n<\/ul>\n\n\n\n<div class=\"wp-block-media-text alignwide is-stacked-on-mobile\"><figure class=\"wp-block-media-text__media\"><img decoding=\"async\" loading=\"lazy\" width=\"819\" height=\"1024\" src=\"http:\/\/scorpionkarate.ro\/wp-content\/uploads\/2024\/01\/340442877_242187138301368_4634031177414946251_n-1-819x1024.jpg\" alt=\"\" class=\"wp-image-2287 size-full\" srcset=\"http:\/\/scorpionkarate.ro\/wp-content\/uploads\/2024\/01\/340442877_242187138301368_4634031177414946251_n-1-819x1024.jpg 819w, http:\/\/scorpionkarate.ro\/wp-content\/uploads\/2024\/01\/340442877_242187138301368_4634031177414946251_n-1-240x300.jpg 240w, http:\/\/scorpionkarate.ro\/wp-content\/uploads\/2024\/01\/340442877_242187138301368_4634031177414946251_n-1-768x960.jpg 768w, http:\/\/scorpionkarate.ro\/wp-content\/uploads\/2024\/01\/340442877_242187138301368_4634031177414946251_n-1-1229x1536.jpg 1229w, http:\/\/scorpionkarate.ro\/wp-content\/uploads\/2024\/01\/340442877_242187138301368_4634031177414946251_n-1.jpg 1406w\" sizes=\"(max-width: 819px) 100vw, 819px\" \/><\/figure><div class=\"wp-block-media-text__content\">\n<p class=\"has-medium-font-size\"><strong>LEONARD MOISE<\/strong><\/p>\n\n\n\n<p><a href=\"https:\/\/www.facebook.com\/leonard.moise.92\">https:\/\/www.facebook.com\/leonard.moise.92<\/a><\/p>\n<\/div><\/div>\n","protected":false},"excerpt":{"rendered":"<p>\u00a0 \u00a0 \u00a0 \u00a0\u00a0C\u0102T\u0102LIN DUMITRU Centur\u0103 neagr\u0103 4 DAN Shito Ryu; Licen\u021biat in Educa\u021bie Fizic\u0103 \u0219i Sport, specializare Karate WKF; Master \u00een Managementul Activit\u0103\u021bilor Sportive; Multiplu Campion Na\u021bional; Vicecampion Balcanic; Campion Europen; Campion Mondial; Maestru Emerit al Sportului Consilier pe &hellip; <a href=\"http:\/\/scorpionkarate.ro\/?page_id=57\">Continue reading <span class=\"meta-nav\">&rarr;<\/span><\/a><\/p>\n","protected":false},"author":1,"featured_media":0,"parent":0,"menu_order":0,"comment_status":"open","ping_status":"open","template":"","meta":[],"_links":{"self":[{"href":"http:\/\/scorpionkarate.ro\/index.php?rest_route=\/wp\/v2\/pages\/57"}],"collection":[{"href":"http:\/\/scorpionkarate.ro\/index.php?rest_route=\/wp\/v2\/pages"}],"about":[{"href":"http:\/\/scorpionkarate.ro\/index.php?rest_route=\/wp\/v2\/types\/page"}],"author":[{"embeddable":true,"href":"http:\/\/scorpionkarate.ro\/index.php?rest_route=\/wp\/v2\/users\/1"}],"replies":[{"embeddable":true,"href":"http:\/\/scorpionkarate.ro\/index.php?rest_route=%2Fwp%2Fv2%2Fcomments&post=57"}],"version-history":[{"count":28,"href":"http:\/\/scorpionkarate.ro\/index.php?rest_route=\/wp\/v2\/pages\/57\/revisions"}],"predecessor-version":[{"id":2292,"href":"http:\/\/scorpionkarate.ro\/index.php?rest_route=\/wp\/v2\/pages\/57\/revisions\/2292"}],"wp:attachment":[{"href":"http:\/\/scorpionkarate.ro\/index.php?rest_route=%2Fwp%2Fv2%2Fmedia&parent=57"}],"curies":[{"name":"wp","href":"https:\/\/api.w.org\/{rel}","templated":true}]}}